 divided by q(-2).
6
Calculate the remainder when 285 is divided by 4/22 - 5848/(-748).
5
Let g = -21 + 129. Let s = g + -74. Calculate the remainder when s is divided by ((-108)/60)/((-3)/20).
10
Let v(d) = 16*d + 11*d - 10*d - 7. Let c be v(4). Suppose a = 5*a - n - c, -17 = -2*a + 5*n. Calculate the remainder when 62 is divided by a.
14
Let c(j) = j**3 + 6*j**2 - 4*j - 2. Calculate the remainder when 558 is divided by c(-5).
42
Suppose -4*l + 3*l = 4*p - 75, -2*p + 45 = -l. Calculate the remainder when 68 is divided by p.
8
Let f = -66 - -74. Calculate the remainder when 31 is divided by f.
7
Let c be 33 + (-2)/8*0. Suppose c + 21 = 2*y. Calculate the remainder when 78 is divided by y.
24
Suppose 60 = -3*r - 36. Let o = r - -68. Calculate the remainder when 70 is divided by o.
34
Let b(k) = 14*k - 45. Let w(r) = -r**3 + r**2 + 31. Let n be w(0). Let z = n + -21. What is the remainder when b(6) is divided by z?
9
Suppose -d + 6*d - 20 = 0. Suppose -2*s = d - 36. Suppose i = -t + 24, 3*t = s - 7. What is the remainder when i is divided by 12?
9
Suppose -244 = 12*a - 13*a - 2*w, -2*w - 1160 = -5*a. Calculate the remainder when a is divided by 20.
14
Let a = -610 - -652. Calculate the remainder when 418 is divided by a.
40
Let k(l) = -139*l + 1279. Suppose 4*t - 164 = 2*p, 2*t + t - p - 125 = 0. Calculate the remainder when t is divided by k(9).
15
Suppose 5*s + 5*c = 95, -4*s - 2*c = -0*c - 82. Let y(m) = m**3 + 2*m**2 + m + 11. What is the remainder when y(0) is divided by 4/s - (-450)/66?
4
Let y = 70 - 14. Calculate the remainder when 159 is divided by y.
47
Suppose -6*q + 445 = -q. Calculate the remainder when q is divided by (21/(-7))/(1 + 48/(-39)).
11
Let k(y) = 3*y**2 - 2*y + 2. Let r(h) = -h**2 - 12*h - 25. Let l be r(-9). Calculate the remainder when 18 is divided by k(l).
8
Calculate the remainder when 113 is divided by -1*175/14*6/(-3).
13
Let j be (6 - 10)*6/(-8). Suppose 5*u + 42 = 3*w, u + 42 = j*w - u. Suppose -4*q = -468 + 140. What is the remainder when q is divided by w?
12
Suppose 2*x + 9 = 5*k, -3*k - 2*k + 15 = 0. What is the remainder when 27/5 + x/5 is divided by (-6)/(-2) - (-1)/1?
2
Let c(y) = 16*y**3 + y**2 - y + 1. What is the remainder when (-62)/(-2) - (-6 + 4) is divided by c(1)?
16
Suppose 5*y = 4*g - 34, 5*g - 17 = 5*y + 13. Let q = y + 43. Suppose -3*v - 5*x = -49, -5*v - 4*x + 27 + 59 = 0. What is the remainder when q is divided by v?
15
Let d(c) = 6*c**2 - 4*c**2 - 9*c + 26*c. Calculate the remainder when 20 is divided by d(-9).
2
Let u = -11 + 33. Let j(p) = p - 20. Calculate the remainder when 7 is divided by j(u).
1
Suppose -59*p + 52 = -55*p. What is the remainder when 207 is divided by p?
12
Let u(z) = 474*z - 1413. Let c(v) = v + 61. What is the remainder when c(0) is divided by u(3)?
7
Let w(y) = -y**3 - 5*y**2 - 3*y - 1. Calculate the remainder when 5/(-20)*-3 + ((-4908)/16)/(-3) is divided by w(-6).
50
Let h = -310 + 362. What is the remainder when h is divided by 27?
25
Let w(y) = -y**2 - 4*y + 25. Let q be w(-7). Let o(x) = 20*x - 5. What is the remainder when o(q) is divided by 13?
10
Let x(p) = -p**3 + 6*p**2 - 3*p - 2. Suppose -5 + 11 = 3*k. Suppose 3*v - 2*g = 64, k*g = 4*v + 3 - 89. What is the remainder when v is divided by x(5)?
6
What is the remainder when (380/(-60))/((-1)/6) is divided by 14?
10
Let b be 7/2*(-7)/(28/24). Let s(d) = -d**3 + 2*d**2 - 7*d + 5. Let h be s(4). Let v = b - h. Calculate the remainder when v is divided by 18.
16
Suppose -2*c - 5*p + 36 = 0, -10*p = 2*c - 9*p - 44. What is the remainder when 52 is divided by c?
6
Suppose v = -2*u + 24, -v = u - 13 - 6. Suppose -3*h + 3*j + 12 + 39 = 0, -25 = 5*j. What is the remainder when h is divided by (-1 + 2)*v/2?
5
Let m(w) = -3*w + w**2 - 8 + 0*w + 2. Let d(c) = -23*c. What is the remainder when d(-2) is divided by m(-3)?
10
Let f(i) = i**3 + 15*i**2 + 16*i - 76. Calculate the remainder when f(-13) is divided by 19.
16
Let b = -11 + 24. Suppose 180 + 84 = -4*y. Let m = y - -73. Calculate the remainder when b is divided by m.
6
Suppose 21*t - 27*t + 222 = 0. What is the remainder when 110 is divided by t?
36
Let d = 177 - 24. Let l = -121 + d. What is the remainder when 62 is divided by l?
30
Suppose 4*x - 112 = 2*x. Suppose m - x = -5*c + 119, 0 = 2*m. Calculate the remainder when 87 is divided by (-4)/10 + 784/c.
21
Suppose -1 = 4*x - 3*y, 2*x + 1 = 4*x - y. Let d(a) = 1 - 3 + 2*a + 31*a**2 - 16*a**x. Calculate the remainder when d(2) is divided by 21.
20
Let u(o) = -o**3 + 4*o**2 - o - 2. Let a be (16/(-24))/((-1)/(-3)). What is the remainder when a*(1 + 22/(-4)) is divided by u(3)?
1
Let z = 8 - -13. What is the remainder when 125 is divided by z?
20
Let n be 4/(-12 + 0) + 50/6. Let u = -5 - -35. Calculate the remainder when 86 - ((-44)/16 + (-2)/n) is divided by u.
29
Suppose -624 = 100*o - 7424. Suppose 28 = 3*g - 2. Calculate the remainder when o is divided by g.
8
Suppose 0 = -4*h - 4*d + 2032, 514 = h - 4*d - 4. What is the remainder when h is divided by 64?
62
Suppose 5*i - 1380 = -15*i. What is the remainder when i is divided by 9?
6
Let l = -210 - -93. Let w = -82 - l. What is the remainder when w is divided by 18?
17
Suppose 2*u - 46 = -0*u. Suppose 4*q = -5*y + 57 - 20, -2*q + 4*y + 38 = 0. Calculate the remainder when u is divided by q.
10
Let y = 18 + 62. Suppose -3*s + 5 = -z, 10*s - 5*s + 4*z = -3. Calculate the remainder when (y/10)/(s/4) is divided by 17.
15
Let g = -4 - -7. Suppose s + g*s = 80. Suppose -4*i = -s, m + 2*m = -5*i + 205. What is the remainder when m is divided by 21?
18
Let p(a) = 109*a**2 + 3*a - 2. Let r be p(-3). Suppose 0 = 8*s - 3*s + r. Let b = -116 - s. Calculate the remainder when b is divided by 27.
24
Let a be (50/(-6) - -2)/((-4)/(-60)). Let o = 178 + a. What is the remainder when o is divided by 42?
41
Let l be (-3)/(-2)*(4 + 0). Let j = 42 + l. What is the remainder when j is divided by 17?
14
Let t(v) = -v**3 + 9*v**2 + 6. Let l be t(9). Let j(f) = 2*f + 29. Let r be j(-14). Let q = l + r. Calculate the remainder when 27 is divided by q.
6
Let x = -108 + 190. What is the remainder when x is divided by 14?
12
Suppose -76 = -2*n - 4*b, 4*b + 64 = 4*n - 64. Suppose -3*x - x = 2*c - n, c = 5*x - 53. What is the remainder when 29 is divided by 72/x - 4/(-5)?
5
Suppose 6*f - 10*f + 252 = 2*i, -4*i + 189 = 3*f. What is the remainder when 307 is divided by f?
55
Suppose 0 = s + 4*s - 155. Let i = -45 - -54. Calculate the remainder when s is divided by i.
4
Let r(f) = 22*f**2 - 2*f - 6. What is the remainder when r(4) is divided by 34?
32
Suppose 267 = -4*v - 2*b + 5355, 2*b + 3830 = 3*v. Calculate the remainder when v is divided by 25.
24
Let k = 67 + -44. Let m(h) be the second derivative of -h**4/12 - 5*h**3/3 + 17*h**2/2 + 19*h. What is the remainder when k is divided by m(-11)?
5
Calculate the remainder when 12 is divided by -17 + 9 + 1*16.
4
Suppose 4*x - 4*a = 924, 0 = -7*x + 4*x - 5*a + 709. Calculate the remainder when x is divided by 80.
73
Let b(s) = -s**3 - 3*s**2 + 5*s + 5. Let j be (20/1)/(-11 + 13). Let z(y) = -y**2 + 9*y + 6. Let v be z(j). Calculate the remainder when 2 is divided by b(v).
0
Suppose -4*t - t = -50. Let z = -86 - -90. Suppose 0 = z*a - 6*a + 58. What is the remainder when a is divided by t?
9
Let h be (-3)/(-2 + (-3)/(-6)). Suppose 6*w - 40 = h*w. Let b(n) = 4*n**3 + 4*n**2 - 11*n + 13. Calculate the remainder when b(2) is divided by w.
9
Suppose 2*i = -2*m - 259 + 2029, 3*i + 3568 = 4*m. Calculate the remainder when m is divided by 99.
97
Suppose -144*a + 141*a + 576 = 0. What is the remainder when a is divided by 60?
12
Let t(p) = -p**3 + 4*p**2 + p - 1. Let o = 23 - 14. Let v = 12 - o. What is the remainder when 30 is divided by t(v)?
8
Let g(l) = 2*l**2 + 4*l + 11. Calculate the remainder when 128 is divided by g(-4).
20
Calculate the remainder when (-501)/3*2*5/(-10) is divided by 42.
41
Suppose 46 = -n + 3*n. Let a(u) = -3 - 3*u**2 + u**2 + u**2 + 15. Calculate the remainder when n is divided by a(0).
11
Suppose -42*b = -60*b + 2142. Calculate the remainder when b is divided by 100.
19
Suppose 0 = 63*o - 55*o - 96. What is the remainder when 22 is divided by o?
10
Let b = -358 - -360. Suppose -4*y - 10 = -9*y. Let x = -1 + y. Calculate the